ded by 34.
11
Calculate the remainder when 958 is divided by 37.
33
Calculate the remainder when 75 is divided by 38.
37
What is the remainder when 8879 is divided by 48?
47
What is the remainder when 3064 is divided by 24?
16
What is the remainder when 103 is divided by 27?
22
What is the remainder when 4093 is divided by 205?
198
Calculate the remainder when 166 is divided by 28.
26
What is the remainder when 192 is divided by 30?
12
Calculate the remainder when 472 is divided by 25.
22
What is the remainder when 18057 is divided by 105?
102
What is the remainder when 187 is divided by 9?
7
What is the remainder when 731 is divided by 61?
60
What is the remainder when 110 is divided by 5?
0
Calculate the remainder when 287 is divided by 58.
55
Calculate the remainder when 357 is divided by 24.
21
What is the remainder when 970 is divided by 321?
7
What is the remainder when 816 is divided by 19?
18
What is the remainder when 74 is divided by 13?
9
Calculate the remainder when 571 is divided by 41.
38
Calculate the remainder when 71 is divided by 35.
1
What is the remainder when 3597 is divided by 1194?
15
Calculate the remainder when 570 is divided by 69.
18
Calculate the remainder when 147 is divided by 45.
12
What is the remainder when 2423 is divided by 16?
7
What is the remainder when 94 is divided by 7?
3
What is the remainder when 3837 is divided by 60?
57
What is the remainder when 4665 is divided by 6?
3
What is the remainder when 19187 is divided by 123?
122
Calculate the remainder when 102 is divided by 22.
14
What is the remainder when 78 is divided by 18?
6
Calculate the remainder when 1151 is divided by 68.
63
Calculate the remainder when 127 is divided by 22.
17
What is the remainder when 177 is divided by 161?
16
What is the remainder when 2719 is divided by 20?
19
Calculate the remainder when 45 is divided by 24.
21
Calculate the remainder when 448 is divided by 92.
80
What is the remainder when 309 is divided by 39?
36
What is the remainder when 1504 is divided by 116?
112
What is the remainder when 49301 is divided by 198?
197
Calculate the remainder when 6103 is divided by 28.
27
Calculate the remainder when 54 is divided by 23.
8
Calculate the remainder when 273 is divided by 94.
85
What is the remainder when 2868 is divided by 82?
80
Calculate the remainder when 152 is divided by 14.
12
Calculate the remainder when 259 is divided by 40.
19
Calculate the remainder when 599 is divided by 42.
11
What is the remainder when 158 is divided by 36?
14
What is the remainder when 550 is divided by 139?
133
What is the remainder when 405 is divided by 150?
105
Calculate the remainder when 8881 is divided by 7.
5
What is the remainder when 1715 is divided by 143?
142
What is the remainder when 72 is divided by 56?
16
Calculate the remainder when 73 is divided by 37.
36
What is the remainder when 229 is divided by 117?
112
Calculate the remainder when 718 is divided by 36.
34
Calculate the remainder when 83 is divided by 13.
5
What is the remainder when 419 is divided by 42?
41
What is the remainder when 97 is divided by 45?
7
Calculate the remainder when 250 is divided by 42.
40
Calculate the remainder when 224 is divided by 75.
74
What is the remainder when 5449 is divided by 17?
9
Calculate the remainder when 2144 is divided by 144.
128
Calculate the remainder when 291 is divided by 97.
0
What is the remainder when 1180 is divided by 169?
166
What is the remainder when 7602 is divided by 39?
36
Calculate the remainder when 93 is divided by 50.
43
Calculate the remainder when 192 is divided by 65.
62
What is the remainder when 2390 is divided by 38?
34
Calculate the remainder when 24713 is divided by 148.
145
Calculate the remainder when 492 is divided by 15.
12
What is the remainder when 1060 is divided by 18?
16
Calculate the remainder when 52 is divided by 5.
2
What is the remainder when 571 is divided by 16?
11
Calculate the remainder when 587 is divided by 118.
115
Calculate the remainder when 1211 is divided by 5.
1
Calculate the remainder when 74 is divided by 24.
2
Calculate the remainder when 235 is divided by 11.
4
Calculate the remainder when 666 is divided by 3.
0
Calculate the remainder when 21 is divided by 18.
3
Calculate the remainder when 607 is divided by 88.
79
What is the remainder when 1036 is divided by 65?
61
What is the remainder when 2123 is divided by 28?
23
Calculate the remainder when 2951 is divided by 18.
17
Calculate the remainder when 734 is divided by 147.
146
Calculate the remainder when 825 is divided by 274.
3
Calculate the remainder when 717 is divided by 16.
13
Calculate the remainder when 6485 is divided by 141.
140
What is the remainder when 1228 is divided by 18?
4
Calculate the remainder when 548 is divided by 10.
8
What is the remainder when 2197 is divided by 55?
52
What is the remainder when 759 is divided by 205?
144
What is the remainder when 927 is divided by 927?
0
What is the remainder when 13 is divided by 4?
1
What is the remainder when 178 is divided by 9?
7
What is the remainder when 798 is divided by 25?
23
Calculate the remainder when 177 is divided by 39.
21
Calculate the remainder when 1063 is divided by 5.
3
What is the remainder when 609 is divided by 9?
6
What is the remainder when 219 is divided by 185?
34
Calculate the remainder when 1235 is divided by 410.
5
Calculate the remainder when 138 is divided by 49.
40
Calculate the remainder when 1653 is divided by 56.
29
What is the remainder when 2075 is divided by 687?
14
What is the remainder when 1168 is divided by 18?
16
Calculate the remainder when 15005 is divided by 2997.
20
Calculate the remainder when 949 is divided by 25.
24
Calculate the remainder when 2326 is divided by 24.
22
Calculate the remainder when 72 is divided by 70.
2
What is the remainder when 57 is divided by 50?
7
Calculate the remainder when 970 is divided by 239.
14
What is the remainder when 1176 is divided by 133?
112
Calculate the remainder when 1156 is divided by 572.
12
What is the remainder when 107 is divided by 12?
11
Calculate the remainder when 6657 is divided by 80.
17
Calculate the remainder when 721 is divided by 298.
125
Calculate the remainder when 87 is divided by 47.
40
Calculate the remainder when 29 is divided by 5.
4
What is the remainder when 362 is divided by 5?
2
What is the remainder when 75 is divided by 19?
18
Calculate the remainder when 1244 is divided by 159.
131
Calculate the remainder when 168 is divided by 91.
77
Calculate the remainder when 515 is divided by 157.
44
Calculate the remainder when 1864 is divided by 9.
1
What is the remainder when 127 is divided by 71?
56
What is the remainder when 158 is divided by 12?
2
What is the remainder when 671 is divided by 141?
107
Calculate the remainder when 1378 is divided by 92.
90
What is the remainder when 83 is divided by 10?
3
What is the remainder when 37 is divided by 6?
1
What is the remainder when 247 is divided by 9?
4
What is the remainder when 1494 is divided by 107?
103
What is the remainder when 66 is divided by 18?
12
What is the remainder when 135 is divided by 42?
9
Calculate the remainder when 136 is divided by 26.
6
What is the remainder when 48 is divided by 25?
23
Calculate the remainder when 17381 is divided by 424.
421
What is the remainder when 150 is divided by 40?
30
What is the remainder when 4178 is divided by 82?
78
What is the remainder when 2099 is divided by 57?
47
Calculate the remainder when 480 is divided by 69.
66
What is the remainder when 1255 is divided by 8?
7
What is the remainder when 363 is divided by 92?
87
What is the remainder when 526 is divided by 105?
1
Calculate the remainder when 680 is divided by 246.
188
What is the remainder when 543 is divided by 267?
9
What is the remainder when 4600 is divided by 78?
76
Calculate the remainder when 5049 is divided by 21.
9
What is the remainder when 416 is divided by 189?
38
Calculate the remainder when 362 is divided by 181.
0
Calculate the remainder when 5201 is divided by 6.
5
What is the remainder when 549 is divided by 73?
38
What is the remainder when 8741 is divided by 22?
7
What is the remainder when 21 is divided by 6?
3
What is the remainder when 930 is divided by 160